usands digit of 978982?
9
What is the tens digit of 263433?
3
What is the units digit of 3228334?
4
What is the units digit of 17124450?
0
What is the units digit of 1078760?
0
What is the ten thousands digit of 4200546?
0
What is the thousands digit of 213187?
3
What is the ten thousands digit of 63152?
6
What is the units digit of 5695605?
5
What is the millions digit of 17161719?
7
What is the ten thousands digit of 686185?
8
What is the ten thousands digit of 2253997?
5
What is the tens digit of 2376259?
5
What is the thousands digit of 349125?
9
What is the units digit of 22591?
1
What is the ten thousands digit of 876219?
7
What is the ten thousands digit of 17906391?
0
What is the units digit of 571062?
2
What is the hundreds digit of 5559749?
7
What is the units digit of 622487?
7
What is the units digit of 318660?
0
What is the thousands digit of 7361447?
1
What is the tens digit of 73632?
3
What is the thousands digit of 1086738?
6
What is the hundred thousands digit of 2005414?
0
What is the millions digit of 1320340?
1
What is the hundreds digit of 3290060?
0
What is the hundreds digit of 2228012?
0
What is the hundreds digit of 10172507?
5
What is the thousands digit of 45924?
5
What is the hundreds digit of 54879?
8
What is the hundreds digit of 754176?
1
What is the units digit of 225366?
6
What is the units digit of 4058?
8
What is the tens digit of 365982?
8
What is the thousands digit of 224383?
4
What is the thousands digit of 1582493?
2
What is the tens digit of 335747?
4
What is the hundreds digit of 5657435?
4
What is the units digit of 5566200?
0
What is the units digit of 27584?
4
What is the tens digit of 182068?
6
What is the thousands digit of 599823?
9
What is the units digit of 537782?
2
What is the hundred thousands digit of 3044976?
0
What is the thousands digit of 910407?
0
What is the units digit of 38176732?
2
What is the ten thousands digit of 1368427?
6
What is the thousands digit of 458204?
8
What is the thousands digit of 456749?
6
What is the hundreds digit of 172302?
3
What is the units digit of 167378?
8
What is the ten thousands digit of 913374?
1
What is the thousands digit of 1608350?
8
What is the thousands digit of 7149044?
9
What is the ten thousands digit of 1339214?
3
What is the hundred thousands digit of 724636?
7
What is the hundred thousands digit of 9211800?
2
What is the hundred thousands digit of 3545685?
5
What is the ten thousands digit of 1890475?
9
What is the thousands digit of 1006913?
6
What is the tens digit of 2172046?
4
What is the ten thousands digit of 1430275?
3
What is the ten thousands digit of 745177?
4
What is the hundreds digit of 10854147?
1
What is the ten thousands digit of 22893?
2
What is the tens digit of 7968496?
9
What is the units digit of 5416?
6
What is the ten thousands digit of 16916622?
1
What is the hundred thousands digit of 5851213?
8
What is the ten thousands digit of 3776723?
7
What is the hundreds digit of 6472878?
8
What is the ten thousands digit of 1180921?
8
What is the thousands digit of 995449?
5
What is the tens digit of 5606287?
8
What is the thousands digit of 136120?
6
What is the thousands digit of 377400?
7
What is the hundreds digit of 208053?
0
What is the hundreds digit of 849067?
0
What is the thousands digit of 408196?
8
What is the hundred thousands digit of 6957280?
9
What is the hundred thousands digit of 14710198?
7
What is the hundreds digit of 24218378?
3
What is the thousands digit of 15977767?
7
What is the thousands digit of 2293228?
3
What is the thousands digit of 6852513?
2
What is the ten thousands digit of 1554412?
5
What is the hundreds digit of 294547?
5
What is the ten thousands digit of 4026508?
2
What is the hundred thousands digit of 300563?
3
What is the ten thousands digit of 2821290?
2
What is the thousands digit of 14095680?
5
What is the hundred thousands digit of 2254678?
2
What is the ten thousands digit of 4656056?
5
What is the ten thousands digit of 390595?
9
What is the millions digit of 8855910?
8
What is the units digit of 21146551?
1
What is the units digit of 1390803?
3
What is the thousands digit of 79913?
9
What is the thousands digit of 14709835?
9
What is the thousands digit of 313735?
3
What is the thousands digit of 196226?
6
What is the tens digit of 81249?
4
What is the hundreds digit of 791184?
1
What is the units digit of 3827580?
0
What is the hundred thousands digit of 7186570?
1
What is the tens digit of 3374301?
0
What is the hundreds digit of 9260291?
2
What is the hundreds digit of 982871?
8
What is the hundred thousands digit of 409875?
4
What is the thousands digit of 14475071?
5
What is the ten thousands digit of 4720154?
2
What is the hundred thousands digit of 966363?
9
What is the millions digit of 4832119?
4
What is the units digit of 258404?
4
What is the hundreds digit of 183534?
5
What is the hundreds digit of 1152818?
8
What is the thousands digit of 49667?
9
What is the hundreds digit of 1112318?
3
What is the hundred thousands digit of 10500637?
5
What is the thousands digit of 215743?
5
What is the tens digit of 457727?
2
What is the hundreds digit of 347497?
4
What is the millions digit of 1344370?
1
What is the units digit of 756297?
7
What is the thousands digit of 575721?
5
What is the thousands digit of 7419445?
9
What is the hundred thousands digit of 15069713?
0
What is the hundred thousands digit of 477017?
4
What is the units digit of 8552823?
3
What is the tens digit of 1984253?
5
What is the tens digit of 613003?
0
What is the ten thousands digit of 57368?
5
What is the tens digit of 295583?
8
What is the thousands digit of 42458?
2
What is the units digit of 4856539?
9
What is the millions digit of 21406449?
1
What is the millions digit of 3977149?
3
What is the millions digit of 1257525?
1
What is the thousands digit of 570738?
0
What is the thousands digit of 17572017?
2
What is the hundreds digit of 2058472?
4
What is the units digit of 8093502?
2
What is the millions digit of 1773825?
1
What is the hundreds digit of 1251050?
0
What is the millions digit of 13043598?
3
What is the hundreds digit of 166286?
2
What is the hundreds digit of 166239?
2
What is the units digit of 54689?
9
What is the hundred thousands digit of 613339?
6
What is the units digit of 197644?
4
What is the hundred thousands digit of 5945483?
9
What is the units digit of 5019383?
3
What is the ten thousands digit of 315586?
1
What is the hundred thousands digit of 2858130?
8
What is the millions digit of 7296758?
7
What is the hundred thousands digit of 2207236?
2
What is the units digit of 625720?
0
What is the ten thousands digit of 4258109?
5
What is the hundred thousands digit of 688483?
6
What is the tens digit of 24089?
8
What is the tens digit of 468090?
9
What is the hundreds digit of 634386?
3
What is the units digit of 2915300?
0
What is the thousands digit of 560312?
0
What is the tens digit of 15571065?
6
What is the ten millions digit of 10827679?
1
What is the hundreds digit of 115423?
4
What is the units digit of 2010274?
4
What is the millions digit of 5182719?
5
What is the tens digit of 690670?
7
What is the thousands digit of 390588?
0
What is the hundreds digit of 147573?
5
What is the hundreds digit of 6222433?
4
What is the thousands digit of 194936?
4
What is the hundred thousands digit of 3650898?
6
What is the hundreds digit of 17817200?
2
What is the units digit of 22630?
0
What is the thousands digit of 2138259?
8
What is the units digit of 1268950?
0
What is the ten thousands digit of 530410?
3
What is the hundred thousands digit of 1906038?
9
What is the hundreds digit of 597559?
5
What is the units digit of 736387?
7
What is the thousands digit of 275796?
5
What is the thousands digit of 3316133?
6
What is the thousands digit of 151934?
1
What is the millions digit of 1345693?
1
What is the ten thousands digit of 1044550?
4
What is the thousands digit of 4729636?
9
What is the ten thousands digit of 1032413?
3
What is the tens digit of 86521?
2
What is the units digit of 21374?
4
What is the millions digit of 8144465?
8
What is the ten thousands digit of 17915334?
1
What is the tens digit of 202339?
3
What is the hundred thousands digit of 212926?
2
